414?
13, 571
Let i(u) = -u**3 + 14*u**2 - 20*u - 44. Let q be i(12). What are the prime factors of (-6)/q*(-5 + -109)?
3, 19
Suppose 4*p - 11881 = 16547. What are the prime factors of p?
3, 23, 103
Let r(p) = 344*p + 7944. List the prime factors of r(-18).
2, 3, 73
Let r = 6117 - -18683. List the prime factors of r.
2, 5, 31
Let w(x) = -1 + 3 - 2*x**3 + 3*x - x**3 + x**2. Suppose -167*n + 163*n - 12 = 0. What are the prime factors of w(n)?
83
Suppose a + 4*l = -15, -2*l + 6 = -3*a + 17. Let c be (2/2 - 10/(-5))/a. Suppose 0 = c*t - 536 + 167. What are the prime factors of t?
3, 41
Suppose 5*w - 70 = -9*w. Suppose 0 = -w*n - t + 4*t + 1094, -642 = -3*n - 3*t. What are the prime factors of n?
7, 31
Let g = 13137 - 6802. List the prime factors of g.
5, 7, 181
Let c(f) = 84*f**2 - 73*f - 692. List the prime factors of c(-25).
53633
Let p = -140 + 143. Suppose 0 = -4*z + 2*f + 239 + 1585, -z = -p*f - 446. List the prime factors of z.
2, 229
Suppose -c + 4*b + 43411 = 0, -5*c = -91*b + 92*b - 217181. What are the prime factors of c?
5, 7, 17, 73
Suppose -2*b + 5*b = -9*b + 100932. List the prime factors of b.
13, 647
Suppose 2*k = -5*g - 653, -g + 2*g = -4*k - 145. Let h(b) = 7*b**2 + 3*b - 15. Let m be h(-6). Let p = g + m. List the prime factors of p.
2, 3, 5
Suppose -2*j + 41 = d, -6 = -3*d + d. Suppose 0 = j*t - 18*t - 492. List the prime factors of t.
2, 3, 41
Suppose -50*n + 827481 = 24*n - 1415977. What are the prime factors of n?
7, 61, 71
Let h be (1 + -1)/(2 + -1). Let a(u) = -4*u + 3. Let z be a(h). Suppose z*b = -0*b + 279. List the prime factors of b.
3, 31
Let y(t) = -19*t**2 + 1860*t - 19. List the prime factors of y(88).
5, 661
Let t(z) = -9*z + 107. Let o be t(12). List the prime factors of o/4 + (-10)/((-200)/5965).
2, 149
Suppose 2*h - 11023 = 4*b + 2887, -6939 = -h - 2*b. What are the prime factors of h?
6947
Suppose -26*p + 22*p + 1116 = 0. Suppose -4*z - j + 377 = -6*j, 3*z = 5*j + p. What are the prime factors of z?
2, 7
Suppose -q + 9*n + 5705 = 6*n, 0 = 3*q + 3*n - 17103. What are the prime factors of q?
2, 2851
Let m(s) be the second derivative of s**5/20 + 37*s**4/12 + 11*s**3 + 61*s**2 - 43*s + 3. List the prime factors of m(-35).
2, 131
Let s = -2955 - -3629. List the prime factors of s.
2, 337
Suppose -35*w + 894419 = -792616. What are the prime factors of w?
3, 16067
Suppose -10 = 6*s - 11*s. Suppose 5*c - 20 = 0, 5*c = -s*a + 3*a - 150. Suppose 4*q = z + 2*z + 710, a = q + 3*z. What are the prime factors of q?
2, 11
Let d be (-3 - 207/27)*(-186)/4. Let c = 902 - d. List the prime factors of c.
2, 7, 29
Suppose 0 = -494*y + 24618193 + 5963371. List the prime factors of y.
2, 13, 2381
Let u = 43 - 38. Suppose -4*v + v = -4*g + 210, 0 = 5*g + u*v - 280. Suppose 12*y = 10*y + g. List the prime factors of y.
3
Let v be (6/8)/(1/32). Let z be -34 - -37 - (1 + 2 + -2). Suppose z*r = -v + 82. List the prime factors of r.
29
Let p = -3508 + 4916. Let x = -995 + p. What are the prime factors of x?
7, 59
Let g = 24300 - 5314. List the prime factors of g.
2, 11, 863
Suppose g + 2 = 5, 2*s - 5*g + 15 = 0. Let k(l) = -l**3 + 9*l**2 - 5*l + 8. Let m be k(8). Suppose 5*n - m - 543 = s. List the prime factors of n.
5, 23
Let u = 47 - 44. Suppose 0*s + 2*s - 22 = y, s = u*y + 6. List the prime factors of (s/(-18))/((-3)/(-9))*-4.
2
Let d = -3897 - -12677. What are the prime factors of d?
2, 5, 439
Suppose -2*t + 84 = 2*i, 2*i + 136 = 4*t - t. Suppose 46*q = t*q - 36. List the prime factors of 6546/54 - 2*(-2)/q.
11
Suppose -21*m + 7*m - 182 = 0. Let j = m + 16. List the prime factors of j/3*(-472 - -1)/(-3).
157
Suppose 0 = -7*j + 218 + 328. Suppose 263 - j = -m - w, -5*w - 737 = 4*m. Let g = 322 + m. What are the prime factors of g?
2, 67
Suppose 12*w = 15*w - 15. Suppose 0 = h + 2*h, 30 = w*i - 4*h. Let x(u) = 4*u + 9. What are the prime factors of x(i)?
3, 11
What are the prime factors of 8/(384/141660) + 5*2/(-8)?
2, 5, 59
Suppose 2*l = -4*h + 17350, 46*h + 52080 = 6*l + 48*h. List the prime factors of l.
8681
Let h be (12/(-24))/((-3)/378*-3). Let y(f) = -f**2 - 22*f + 85. List the prime factors of y(h).
2, 53
Let b = 51 - 49. Suppose -5*k + 3164 = 3*g + g, b*g = k - 630. What are the prime factors of (((-2)/1)/4)/((-4)/k)?
79
Suppose -7*d + 40 - 26 = 0. Let f be (-3)/(-5) - 1354/(-10). Suppose -t = 4, -3*s + 6*s - f = -d*t. What are the prime factors of s?
2, 3
Let y(k) = -58*k**3 - 7*k**2 - 57*k - 40. List the prime factors of y(-6).
2, 19, 331
Suppose -5*g + 278*k + 125486 = 276*k, 5*k = 3*g - 75265. List the prime factors of g.
2, 5, 251
List the prime factors of (40 + -4)/6 - (-289087)/23.
5, 503
Suppose -53709 = -4*q + 3*l, 43410 = 5*q + l - 23712. List the prime factors of q.
3, 5, 179
Let b be -3 + 8 + (-5 - 204). Let c = b + 310. List the prime factors of c.
2, 53
Suppose -5*j + 7*j = 3*f - 18223, 2*f - 12132 = -2*j. What are the prime factors of f?
13, 467
Let u(r) = -4*r**3 - 3*r - 29 - 29 + 53 - 12*r**2. List the prime factors of u(-7).
2, 5
Suppose -8*d = 1322 + 1590. Let k = d - -1079. Let z = -500 + k. List the prime factors of z.
5, 43
Let p(y) = y**2 + 13*y + 3. Let q be p(-13). Suppose 0 = i - 91 + 10. Suppose -3*k - k = q*j - i, -4*j - 4*k = -108. What are the prime factors of j?
3
Let d = -145 + 76. Let k = 148 + d. List the prime factors of k.
79
Let p(v) = -90*v - 5. Let f be p(-1). Let b = f - -971. List the prime factors of b.
2, 3, 11
Let d be 5/((-20)/(-4) - 4) + -2. List the prime factors of 15827/147 + (-2)/d.
107
Let i be ((8 - 5) + 5)*1/4. Suppose i*f = 3*o - 10, -5*o - 2*f = -27 - 11. What are the prime factors of o?
2, 3
Let p = 1524 - -6226. What are the prime factors of p?
2, 5, 31
Suppose 0 = -z + 435 - 55. Suppose -3*k + 964 = -v + 6*v, z = 2*v + 4*k. List the prime factors of v.
2, 97
Suppose 6*t - 6 = -12. Let g be (-1)/((t/2)/1). Suppose -g*n = h - 5*n - 128, -3*h - n + 384 = 0. What are the prime factors of h?
2
Let r = 10736 - -20261. What are the prime factors of r?
139, 223
Suppose 13*w + 18*w = 124. List the prime factors of (-34*4/8)/(w/(-132)).
3, 11, 17
Let l(n) = 5*n**2 - 4*n - 1. Let h(f) = 16*f**2 - 11*f - 4. Let t(c) = 6*h(c) - 17*l(c). Let v be t(-5). Suppose 0*w + v = 6*w. List the prime factors of w.
43
Let q = -12579 - -18729. What are the prime factors of q?
2, 3, 5, 41
Let b(r) = 29*r + 34. Let j be b(4). Let f = -4 - -6. Suppose 3*q + f*h = q + 72, -4*q = -2*h - j. List the prime factors of q.
37
Let r be 8/6*(-2 + 17). Let s = -126 - -155. Suppose -4*w = r, -4*w = 5*y - s - 231. What are the prime factors of y?
2, 7
Suppose 5*i = -8*x + 6*x + 2395, -2*i = 4*x - 4766. Suppose 8*f + x = 13*f - 5*t, -2*t - 713 = -3*f. List the prime factors of f.
3, 79
Let u = -11 - -18. Let m(p) = -19*p + 28. Let i(h) = -19*h + 27. Let q(n) = -4*i(n) + 3*m(n). What are the prime factors of q(u)?
109
Let a(c) = -215*c - 23. Let l be a(-4). Suppose 0 = 4*k - 161 + l. Let p = k + 362. List the prime factors of p.
193
Let k be (25/(-10))/(308/152 - 2). List the prime factors of k/10*(0 - 22).
11, 19
Let o(b) = -12*b - 103. Let j be o(-9). Suppose 7*x = 5*d + 3*x - 2325, 0 = -5*d + j*x + 2320. List the prime factors of d.
7, 67
Let p be -5 + 20/(-4 - -8). Suppose p = 4*z - 6*z + 8. Suppose z*f - 904 = 4*r, -1124 = 2*f - 7*f - r. List the prime factors of f.
3, 5
Let z = -69 + 61. Let g be (15 + -14)/((-6)/z + -1). List the prime factors of ((-4 - -3) + 3)*(-126)/g.
3, 7
Suppose 0 = 2*l + 2*d - 4, -3*d + 6 + 6 = 5*l. Let p(u) = 15*u**2 + u - 15. List the prime factors of p(l).
3, 41
Let x = -1719 + 1063. Let r = x - -1062. List the prime factors of r.
2, 7, 29
Let d be 438/30 + 6/(-10). Suppose -d*y + 8 = -10*y. Suppose 0 = 4*u - 2*q - q - 669, -y*u - 4*q = -340. List the prime factors of u.
2, 3, 7
Suppose 0*g + 367 = 5*y + 4*g, -4*y = -3*g - 275. Suppose -9*d = -y - 3610. What are the prime factors of d?
409
Let u(p) = 50*p - 7. Let m be u(-3). Let r = -92 - m. Suppose 5*v = 285 - r. What are the prime factors of v?
2, 11
Let g(u) = u**2 + 8*u + 9. Let z(v) = 3*v**2 + 15*v + 17. Let p(f) = -7*g(f) + 4*z(f). Suppose 2*h = -11 + 7. What are the prime factors of p(h)?
17
Suppose -m + 9 = -5*v + 2*v, -2*v - 6 = m. Suppose 1369 = 3*t - 5*n, 453 = -m*t + t - 5*n. List the prime factors of t.
2, 2